{"id":16374,"date":"2019-01-16T15:53:09","date_gmt":"2019-01-16T15:53:09","guid":{"rendered":"http:\/\/www.amu.org.pt\/?page_id=16374"},"modified":"2020-06-29T21:49:08","modified_gmt":"2020-06-29T21:49:08","slug":"bazar-comunitario","status":"publish","type":"page","link":"https:\/\/www.amu.org.pt\/index.php\/projetos-em-curso\/bazar-comunitario\/","title":{"rendered":"Bazar Comunit\u00e1rio"},"content":{"rendered":"[spb_row element_name=&#8221;Row&#8221; wrap_type=&#8221;content-width&#8221; parallax_image_height=&#8221;content-height&#8221; parallax_image_movement=&#8221;fixed&#8221; parallax_image_speed=&#8221;0.5&#8243; bg_video_loop=&#8221;yes&#8221; parallax_video_height=&#8221;window-height&#8221; parallax_video_overlay=&#8221;none&#8221; row_overlay_opacity=&#8221;0&#8243; row_col_pos=&#8221;default&#8221; width=&#8221;1\/1&#8243; el_position=&#8221;first last&#8221;] [spb_image image=&#8221;313&#8243; image_size=&#8221;full&#8221; frame=&#8221;noframe&#8221; caption_pos=&#8221;hover&#8221; remove_rounded=&#8221;yes&#8221; fullwidth=&#8221;no&#8221; overflow_mode=&#8221;none&#8221; link_target=&#8221;_self&#8221; lightbox=&#8221;no&#8221; intro_animation=&#8221;none&#8221; animation_delay=&#8221;200&#8243; width=&#8221;1\/3&#8243; el_position=&#8221;first&#8221;][\/spb_image] [spb_blank_spacer height=&#8221;30px&#8221; width=&#8221;2\/3&#8243; el_position=&#8221;last&#8221;] [\/spb_row] [spb_divider element_name=&#8221;Bazar &#8211; como funciona&#8221; type=&#8221;heading&#8221; heading_text=&#8221;Como funciona&#8221; text=&#8221;Go to top&#8221; top_margin=&#8221;0px&#8221; bottom_margin=&#8221;30px&#8221; fullwidth=&#8221;yes&#8221; width=&#8221;1\/1&#8243; el_position=&#8221;first last&#8221;] [spb_text_block animation=&#8221;none&#8221; animation_delay=&#8221;0&#8243; simplified_controls=&#8221;yes&#8221; custom_css_percentage=&#8221;no&#8221; padding_vertical=&#8221;0&#8243; padding_horizontal=&#8221;0&#8243; margin_vertical=&#8221;0&#8243; custom_css=&#8221;margin-top: 0px;margin-bottom: 0px;&#8221; border_size=&#8221;0&#8243; border_styling_global=&#8221;default&#8221; width=&#8221;1\/1&#8243; el_position=&#8221;first last&#8221;]\n<p>A nossa loja social de S\u00e3o Jo\u00e3o da Madeira onde se vendem a baixo pre\u00e7o bens semi-novos e usados.<\/p>\n[\/spb_text_block] [spb_blank_spacer height=&#8221;30px&#8221; width=&#8221;1\/4&#8243; el_position=&#8221;first&#8221;] [spb_image image=&#8221;16415&#8243; image_size=&#8221;full&#8221; frame=&#8221;noframe&#8221; caption_pos=&#8221;hover&#8221; remove_rounded=&#8221;yes&#8221; fullwidth=&#8221;no&#8221; overflow_mode=&#8221;none&#8221; link_target=&#8221;_self&#8221; lightbox=&#8221;no&#8221; intro_animation=&#8221;none&#8221; animation_delay=&#8221;200&#8243; width=&#8221;1\/2&#8243;][\/spb_image] [spb_blank_spacer height=&#8221;30px&#8221; width=&#8221;1\/4&#8243; el_position=&#8221;last&#8221;] [spb_toggle title=&#8221;Saiba mais&#8221; open=&#8221;false&#8221; width=&#8221;1\/1&#8243; el_position=&#8221;first last&#8221;]\n<p style=\"text-align: left;\">O Bazar Comunit\u00e1rio \u00e9 uma loja social onde se vendem a baixo pre\u00e7o artigos, bens e utilidades diversas, semi-novos e usados. As receitas provenientes das vendas s\u00e3o direcionadas para as respostas e programas sociais da cidade, nomeadamente para os Centros Comunit\u00e1rios que trabalham com fam\u00edlias carenciadas, assim como para as atividades da nossa institui\u00e7\u00e3o. Reciclamos e reaproveitamos os bens e artigos n\u00e3o s\u00f3 para transformarmos em dinheiro, muito \u00fatil a quem trabalha com estas fam\u00edlias, mas tamb\u00e9m redirecionando os bens diretamente para a satisfa\u00e7\u00e3o das necessidades demonstradas pelos T\u00e9cnicos dos Centros Comunit\u00e1rios.<\/p>\n<p style=\"text-align: left;\">Neste projeto envolvemos diversas pessoas que contribuem de 3 formas: como doadores de bens e artigos, como compradores e como volunt\u00e1rios (essenciais para o seu funcionamento e log\u00edstica).<\/p>\n[\/spb_toggle] [spb_divider element_name=&#8221;Bazar &#8211; Como participar&#8221; type=&#8221;heading&#8221; heading_text=&#8221;Como participar&#8221; text=&#8221;Go to top&#8221; top_margin=&#8221;0px&#8221; bottom_margin=&#8221;30px&#8221; fullwidth=&#8221;yes&#8221; width=&#8221;1\/1&#8243; el_position=&#8221;first last&#8221;] [spb_row element_name=&#8221;Row&#8221; wrap_type=&#8221;full-width-contained&#8221; row_bg_type=&#8221;color&#8221; color_row_height=&#8221;content-height&#8221; bg_type=&#8221;cover&#8221; parallax_image_height=&#8221;content-height&#8221; parallax_image_movement=&#8221;fixed&#8221; parallax_image_speed=&#8221;standard&#8221; bg_video_loop=&#8221;yes&#8221; parallax_video_height=&#8221;window-height&#8221; row_top_style=&#8221;none&#8221; row_bottom_style=&#8221;none&#8221; parallax_video_overlay=&#8221;none&#8221; row_overlay_opacity=&#8221;0&#8243; remove_element_spacing=&#8221;no&#8221; row_col_spacing=&#8221;0&#8243; row_col_pos=&#8221;center&#8221; row_col_content_pos=&#8221;center&#8221; row_col_equal_heights=&#8221;yes&#8221; row_expanding=&#8221;no&#8221; row_animation=&#8221;none&#8221; row_animation_delay=&#8221;0&#8243; minimize_row=&#8221;no&#8221; simplified_controls=&#8221;yes&#8221; custom_css_percentage=&#8221;no&#8221; custom_css=&#8221;margin-top: 0px;margin-bottom: 0px;&#8221; border_styling_global=&#8221;default&#8221; width=&#8221;1\/1&#8243; el_position=&#8221;first last&#8221;] [spb_icon_box_grid columns=&#8221;3&#8243; colour_style=&#8221;dark&#8221; width=&#8221;1\/1&#8243; el_position=&#8221;first last&#8221;]\n[spb_icon_box_grid_element title=&#8221;Doando bens semi-novos ou usados&#8221; target=&#8221;&#8221; link=&#8221;&#8221; icon=&#8221;svg-icon-picker-item outline-svg holidays-outline_gift-exchange&#8221;][\/spb_icon_box_grid_element][spb_icon_box_grid_element title=&#8221;Sendo volunt\u00e1rio na loja&#8221; target=&#8221;&#8221; link=&#8221;&#8221; icon=&#8221;svg-icon-picker-item outline-svg business-outline_business-contact-88&#8243;][\/spb_icon_box_grid_element][spb_icon_box_grid_element title=&#8221;Comprando artigos na loja&#8221; target=&#8221;&#8221; link=&#8221;&#8221; icon=&#8221;svg-icon-picker-item outline-svg shopping-outline_cart&#8221;][\/spb_icon_box_grid_element]\n[\/spb_icon_box_grid] [\/spb_row] [spb_blank_spacer height=&#8221;30px&#8221; width=&#8221;1\/1&#8243; el_position=&#8221;first last&#8221;] [spb_divider element_name=&#8221;Informa\u00e7\u00f5es de contacto&#8221; type=&#8221;thin&#8221; heading_text=&#8221;Informa\u00e7\u00f5es de contacto&#8221; text=&#8221;Go to top&#8221; top_margin=&#8221;0px&#8221; bottom_margin=&#8221;30px&#8221; fullwidth=&#8221;yes&#8221; width=&#8221;1\/1&#8243; el_position=&#8221;first last&#8221;] [spb_blank_spacer height=&#8221;30px&#8221; width=&#8221;1\/1&#8243; el_position=&#8221;first last&#8221;] [spb_text_block element_name=&#8221;Contactos&#8221; title=&#8221;Contactos&#8221; animation=&#8221;none&#8221; animation_delay=&#8221;0&#8243; simplified_controls=&#8221;yes&#8221; custom_css_percentage=&#8221;no&#8221; padding_vertical=&#8221;0&#8243; padding_horizontal=&#8221;0&#8243; margin_vertical=&#8221;0&#8243; custom_css=&#8221;margin-top: 0px;margin-bottom: 0px;&#8221; border_size=&#8221;0&#8243; border_styling_global=&#8221;default&#8221; width=&#8221;1\/2&#8243; el_position=&#8221;first last&#8221;]\n<p><b>Morada:<\/b><br \/>\nRua Jo\u00e3o de Deus no 197, Loja 3, S\u00e3o Jo\u00e3o da Madeira (em frente ao Tribunal, na entrada para as galerias do gin\u00e1sio S. Jo\u00e3o Health Club)<\/p>\n<p><b>Hor\u00e1rio de funcionamento:<\/b><br \/>\n3\u00aas das \u00a013h30 \u00e0s 18h30<\/p>\n<p><b>Email:<\/b><br \/>\nsjm@amu.org.pt<\/p>\n<p><b>Telefone:<\/b><br \/>\n256 094 502<\/p>\n[\/spb_text_block] [spb_blank_spacer height=&#8221;30px&#8221; width=&#8221;1\/1&#8243; el_position=&#8221;first last&#8221;] [spb_divider type=&#8221;thin&#8221; text=&#8221;Go to top&#8221; top_margin=&#8221;0px&#8221; bottom_margin=&#8221;30px&#8221; fullwidth=&#8221;yes&#8221; width=&#8221;1\/1&#8243; el_position=&#8221;first last&#8221;] [spb_boxed_content title=&#8221;Pontos de recolha&#8221; type=&#8221;coloured&#8221; box_link_target=&#8221;_self&#8221; padding_vertical=&#8221;0&#8243; padding_horizontal=&#8221;0&#8243; width=&#8221;1\/1&#8243; el_position=&#8221;first last&#8221;]\n<ul>\n<li>S\u00e3o Jo\u00e3o da Madeira &#8211; Rua Jo\u00e3o de Deus no 197, Loja 3<\/li>\n<li>Alenquer<\/li>\n<li>Braga<\/li>\n<li>Oeiras<\/li>\n<li>Porto<\/li>\n<li>Viseu<\/li>\n<\/ul>\n<p>Entre em <a href=\"https:\/\/www.amu.org.pt\/index.php\/contact-us\/\">contacto<\/a> connosco para saber qual o ponto de recolha mais perto de si.<\/p>\n[\/spb_boxed_content]\n","protected":false},"excerpt":{"rendered":"<p>[spb_row element_name=&#8221;Row&#8221; wrap_type=&#8221;content-width&#8221; parallax_image_height=&#8221;content-height&#8221; parallax_image_movement=&#8221;fixed&#8221; parallax_image_speed=&#8221;0.5&#8243; bg_video_loop=&#8221;yes&#8221; parallax_video_height=&#8221;window-height&#8221; parallax_video_overlay=&#8221;none&#8221; row_overlay_opacity=&#8221;0&#8243; row_col_pos=&#8221;default&#8221; width=&#8221;1\/1&#8243; el_position=&#8221;first last&#8221;] [spb_image image=&#8221;313&#8243; image_size=&#8221;full&#8221; frame=&#8221;noframe&#8221; caption_pos=&#8221;hover&#8221; remove_rounded=&#8221;yes&#8221; fullwidth=&#8221;no&#8221; overflow_mode=&#8221;none&#8221; link_target=&#8221;_self&#8221; lightbox=&#8221;no&#8221; intro_animation=&#8221;none&#8221; animation_delay=&#8221;200&#8243; width=&#8221;1\/3&#8243; el_position=&#8221;first&#8221;][\/spb_image] [spb_blank_spacer height=&#8221;30px&#8221; width=&#8221;2\/3&#8243; el_position=&#8221;last&#8221;] [\/spb_row] [spb_divider element_name=&#8221;Bazar &#8211; como funciona&#8221; type=&#8221;heading&#8221; heading_text=&#8221;Como funciona&#8221; text=&#8221;Go to top&#8221; top_margin=&#8221;0px&#8221; bottom_margin=&#8221;30px&#8221; fullwidth=&#8221;yes&#8221; width=&#8221;1\/1&#8243; el_position=&#8221;first last&#8221;] [spb_text_block animation=&#8221;none&#8221; animation_delay=&#8221;0&#8243; simplified_controls=&#8221;yes&#8221; custom_css_percentage=&#8221;no&#8221; padding_vertical=&#8221;0&#8243; padding_horizontal=&#8221;0&#8243; margin_vertical=&#8221;0&#8243; custom_css=&#8221;margin-top: 0px;margin-bottom: [&hellip;]<\/p>\n","protected":false},"author":1,"featured_media":0,"parent":16293,"menu_order":0,"comment_status":"closed","ping_status":"closed","template":"","meta":{"inline_featured_image":false,"_monsterinsights_skip_tracking":false,"_monsterinsights_sitenote_active":false,"_monsterinsights_sitenote_note":"","_monsterinsights_sitenote_category":0,"footnotes":""},"class_list":["post-16374","page","type-page","status-publish","hentry"],"jetpack_sharing_enabled":true,"_links":{"self":[{"href":"https:\/\/www.amu.org.pt\/index.php\/wp-json\/wp\/v2\/pages\/16374","targetHints":{"allow":["GET"]}}],"collection":[{"href":"https:\/\/www.amu.org.pt\/index.php\/wp-json\/wp\/v2\/pages"}],"about":[{"href":"https:\/\/www.amu.org.pt\/index.php\/wp-json\/wp\/v2\/types\/page"}],"author":[{"embeddable":true,"href":"https:\/\/www.amu.org.pt\/index.php\/wp-json\/wp\/v2\/users\/1"}],"replies":[{"embeddable":true,"href":"https:\/\/www.amu.org.pt\/index.php\/wp-json\/wp\/v2\/comments?post=16374"}],"version-history":[{"count":49,"href":"https:\/\/www.amu.org.pt\/index.php\/wp-json\/wp\/v2\/pages\/16374\/revisions"}],"predecessor-version":[{"id":17360,"href":"https:\/\/www.amu.org.pt\/index.php\/wp-json\/wp\/v2\/pages\/16374\/revisions\/17360"}],"up":[{"embeddable":true,"href":"https:\/\/www.amu.org.pt\/index.php\/wp-json\/wp\/v2\/pages\/16293"}],"wp:attachment":[{"href":"https:\/\/www.amu.org.pt\/index.php\/wp-json\/wp\/v2\/media?parent=16374"}],"curies":[{"name":"wp","href":"https:\/\/api.w.org\/{rel}","templated":true}]}}