{"id":17460,"date":"2023-07-07T08:31:33","date_gmt":"2023-07-07T08:31:33","guid":{"rendered":"https:\/\/www.amu.org.pt\/?page_id=17460"},"modified":"2023-07-10T15:44:11","modified_gmt":"2023-07-10T15:44:11","slug":"projeto-geratradicoes","status":"publish","type":"page","link":"https:\/\/www.amu.org.pt\/index.php\/projeto-geratradicoes\/","title":{"rendered":"Projeto Gera(tradi)\u00e7\u00f5es"},"content":{"rendered":"[spb_row element_name=&#8221;Row&#8221; wrap_type=&#8221;content-width&#8221; parallax_image_height=&#8221;content-height&#8221; parallax_image_movement=&#8221;fixed&#8221; parallax_image_speed=&#8221;0.5&#8243; bg_video_loop=&#8221;yes&#8221; parallax_video_height=&#8221;window-height&#8221; parallax_video_overlay=&#8221;none&#8221; row_overlay_opacity=&#8221;0&#8243; row_col_pos=&#8221;default&#8221; width=&#8221;1\/1&#8243; el_position=&#8221;first last&#8221;] [spb_image image=&#8221;17464&#8243; image_size=&#8221;medium&#8221; image_width=&#8221;200&#8243; frame=&#8221;noframe&#8221; caption_pos=&#8221;hover&#8221; remove_rounded=&#8221;yes&#8221; fullwidth=&#8221;no&#8221; overflow_mode=&#8221;none&#8221; link_target=&#8221;_self&#8221; lightbox=&#8221;no&#8221; intro_animation=&#8221;none&#8221; animation_delay=&#8221;200&#8243; width=&#8221;1\/3&#8243; el_position=&#8221;first&#8221;][\/spb_image] [spb_blank_spacer height=&#8221;30px&#8221; width=&#8221;2\/3&#8243; el_position=&#8221;last&#8221;] [\/spb_row] [spb_divider type=&#8221;standard&#8221; text=&#8221;Go to top&#8221; top_margin=&#8221;0px&#8221; bottom_margin=&#8221;30px&#8221; fullwidth=&#8221;no&#8221; width=&#8221;1\/1&#8243; el_position=&#8221;first last&#8221;] [spb_column col_sm=&#8221;6&#8243; padding_horizontal=&#8221;0&#8243; width=&#8221;1\/2&#8243; el_position=&#8221;first&#8221;] [spb_text_block animation=&#8221;none&#8221; animation_delay=&#8221;0&#8243; simplified_controls=&#8221;yes&#8221; custom_css_percentage=&#8221;no&#8221; padding_vertical=&#8221;0&#8243; padding_horizontal=&#8221;0&#8243; margin_vertical=&#8221;0&#8243; border_size=&#8221;0&#8243; border_styling_global=&#8221;default&#8221; width=&#8221;1\/1&#8243; el_position=&#8221;first last&#8221;]\n<p><span style=\"color: #000000;\">Atrav\u00e9s da promo\u00e7\u00e3o de momentos intergeracionais, o projeto Gera(tradi)\u00e7\u00f5es: Mobilizar para a Proximidade, prop\u00f4s-se a dar um contributo para combater o isolamento social das pessoas idosas residentes em Abrigada, atrav\u00e9s da valoriza\u00e7\u00e3o da sua sabedoria, e para promover um maior conhecimento das tradi\u00e7\u00f5es locais e uma ocupa\u00e7\u00e3o mais saud\u00e1vel dos tempos livres por parte dos mais jovens. <\/span><\/p>\n<p><span style=\"color: #000000;\">O projeto piloto decorreu durante o ano letivo de 2022\/2023, <\/span><span style=\"color: #000000;\">em colabora\u00e7\u00e3o com o Agrupamento de Escolas de Abrigada, a C\u00e1ritas Paroquial de Abrigada, o Centro de Sa\u00fade de Alenquer, o Centro de Conv\u00edvio de Abrigada, a Funda\u00e7\u00e3o Mari\u00e1polis e a Uni\u00e3o de Freguesias de Abrigada e Cabanas de Torres, tendo participado nas atividades intergeracionais 8 pessoas idosas e 30 jovens estudantes.\u00a0<\/span><\/p>\n[\/spb_text_block] [\/spb_column] [spb_column col_sm=&#8221;6&#8243; padding_horizontal=&#8221;0&#8243; width=&#8221;1\/2&#8243; el_position=&#8221;last&#8221;] [spb_blank_spacer height=&#8221;30px&#8221; width=&#8221;2\/3&#8243; el_position=&#8221;first last&#8221;] [spb_video link=&#8221;https:\/\/www.youtube.com\/watch?v=zc_aAk8QFEY&amp;ab_channel=AMUPortugal&#8221; remove_related=&#8221;yes&#8221; autoplay=&#8221;no&#8221; full_width=&#8221;no&#8221; width=&#8221;1\/1&#8243; el_position=&#8221;first last&#8221;] [spb_blank_spacer height=&#8221;30px&#8221; width=&#8221;2\/3&#8243; el_position=&#8221;first last&#8221;] [\/spb_column] [spb_column col_sm=&#8221;6&#8243; padding_horizontal=&#8221;0&#8243; width=&#8221;1\/2&#8243; el_position=&#8221;first&#8221;] [spb_text_block animation=&#8221;none&#8221; animation_delay=&#8221;0&#8243; simplified_controls=&#8221;yes&#8221; custom_css_percentage=&#8221;no&#8221; padding_vertical=&#8221;0&#8243; padding_horizontal=&#8221;0&#8243; margin_vertical=&#8221;0&#8243; border_size=&#8221;0&#8243; border_styling_global=&#8221;default&#8221; width=&#8221;1\/1&#8243; el_position=&#8221;first last&#8221;]\n<p><span style=\"color: #000000;\">Fruto destas trocas intergeracionais, constru\u00edram-se:\u00a0<\/span><\/p>\n<p><span style=\"color: #000000;\">&#8211; o <strong>Dado Intergeracional<\/strong>. A inspira\u00e7\u00e3o surgiu do Dado do Amor de Chiara Lubich, fundadora do Movimento dos Focolares, que em vez de n\u00fameros nas suas faces inclui frases que representam a\u00e7\u00f5es importantes para um mundo mais fraterno. Este s\u00edmbolo intergeracional encontra-se no Parque das Merendas S\u00e3ozinha em Abrigada (Alenquer), estando tamb\u00e9m dispon\u00edvel em formato <a href=\"https:\/\/www.amu.org.pt\/wp-content\/uploads\/2023\/07\/Dado-em-papel-para-impressao.png\">digital<\/a> para impress\u00e3o;\u00a0<\/span><br \/>\n<span style=\"color: #000000;\">&#8211; o <a href=\"https:\/\/www.amu.org.pt\/wp-content\/uploads\/2023\/07\/Geratradicoes-Mobilizar-para-a-Proximidade-Experiencias-Aprendizagens-e-Recomendacoes_FINAL-compressed.pdf\">ebook<\/a> \u201c<em><strong>Partilhar para melhor cuidar<\/strong><\/em>\u201d, onde s\u00e3o partilhadas experi\u00eancias e aprendizagens dos v\u00e1rios participantes e recomenda\u00e7\u00f5es para outras entidades que queiram promover projetos semelhantes na sua comunidade.\u00a0<\/span><\/p>\n[\/spb_text_block] [\/spb_column] [spb_column col_sm=&#8221;6&#8243; padding_horizontal=&#8221;0&#8243; width=&#8221;1\/2&#8243; el_position=&#8221;last&#8221;] [spb_counter subject=&#8221;BENEFICI\u00c1RIOS DIRETOS&#8221; from=&#8221;0&#8243; to=&#8221;38&#8243; speed=&#8221;2000&#8243; refresh=&#8221;25&#8243; commas=&#8221;true&#8221; textstyle=&#8221;h6&#8243; textcolor=&#8221;#f07722&#8243; width=&#8221;1\/4&#8243; el_position=&#8221;first&#8221;] [spb_counter subject=&#8221;PARTICIPANTES TOTAIS&#8221; from=&#8221;0&#8243; to=&#8221;262&#8243; speed=&#8221;2000&#8243; refresh=&#8221;25&#8243; commas=&#8221;true&#8221; textstyle=&#8221;h6&#8243; textcolor=&#8221;#f07722&#8243; width=&#8221;1\/4&#8243;] [spb_counter subject=&#8221;IDOSOS SENTEM-SE MAIS VALORIZADOS&#8221; from=&#8221;0&#8243; to=&#8221;100&#8243; speed=&#8221;2000&#8243; refresh=&#8221;25&#8243; suffix=&#8221;%&#8221; commas=&#8221;true&#8221; textstyle=&#8221;h6&#8243; textcolor=&#8221;#468ad8&#8243; width=&#8221;1\/4&#8243;] [spb_counter subject=&#8221;JOVENS CONSIDERAM TER AUMENTADO O CONHECIMENTO DAS TRADI\u00c7\u00d5ES&#8221; from=&#8221;0&#8243; to=&#8221;87&#8243; speed=&#8221;2000&#8243; refresh=&#8221;25&#8243; suffix=&#8221;%&#8221; commas=&#8221;true&#8221; textstyle=&#8221;h6&#8243; textcolor=&#8221;#acd037&#8243; width=&#8221;1\/4&#8243; el_position=&#8221;last&#8221;] [\/spb_column]\n","protected":false},"excerpt":{"rendered":"<p>[spb_row element_name=&#8221;Row&#8221; wrap_type=&#8221;content-width&#8221; parallax_image_height=&#8221;content-height&#8221; parallax_image_movement=&#8221;fixed&#8221; parallax_image_speed=&#8221;0.5&#8243; bg_video_loop=&#8221;yes&#8221; parallax_video_height=&#8221;window-height&#8221; parallax_video_overlay=&#8221;none&#8221; row_overlay_opacity=&#8221;0&#8243; row_col_pos=&#8221;default&#8221; width=&#8221;1\/1&#8243; el_position=&#8221;first last&#8221;] [spb_image image=&#8221;17464&#8243; image_size=&#8221;medium&#8221; image_width=&#8221;200&#8243; frame=&#8221;noframe&#8221; caption_pos=&#8221;hover&#8221; remove_rounded=&#8221;yes&#8221; fullwidth=&#8221;no&#8221; overflow_mode=&#8221;none&#8221; link_target=&#8221;_self&#8221; lightbox=&#8221;no&#8221; intro_animation=&#8221;none&#8221; animation_delay=&#8221;200&#8243; width=&#8221;1\/3&#8243; el_position=&#8221;first&#8221;][\/spb_image] [spb_blank_spacer height=&#8221;30px&#8221; width=&#8221;2\/3&#8243; el_position=&#8221;last&#8221;] [\/spb_row] [spb_divider type=&#8221;standard&#8221; text=&#8221;Go to top&#8221; top_margin=&#8221;0px&#8221; bottom_margin=&#8221;30px&#8221; fullwidth=&#8221;no&#8221; width=&#8221;1\/1&#8243; el_position=&#8221;first last&#8221;] [spb_column col_sm=&#8221;6&#8243; padding_horizontal=&#8221;0&#8243; width=&#8221;1\/2&#8243; el_position=&#8221;first&#8221;] [spb_text_block animation=&#8221;none&#8221; animation_delay=&#8221;0&#8243; simplified_controls=&#8221;yes&#8221; custom_css_percentage=&#8221;no&#8221; padding_vertical=&#8221;0&#8243; padding_horizontal=&#8221;0&#8243; margin_vertical=&#8221;0&#8243; border_size=&#8221;0&#8243; border_styling_global=&#8221;default&#8221; [&hellip;]<\/p>\n","protected":false},"author":1,"featured_media":0,"parent":0,"menu_order":0,"comment_status":"closed","ping_status":"closed","template":"","meta":{"inline_featured_image":false,"_monsterinsights_skip_tracking":false,"_monsterinsights_sitenote_active":false,"_monsterinsights_sitenote_note":"","_monsterinsights_sitenote_category":0,"footnotes":""},"class_list":["post-17460","page","type-page","status-publish","hentry"],"jetpack_sharing_enabled":true,"_links":{"self":[{"href":"https:\/\/www.amu.org.pt\/index.php\/wp-json\/wp\/v2\/pages\/17460","targetHints":{"allow":["GET"]}}],"collection":[{"href":"https:\/\/www.amu.org.pt\/index.php\/wp-json\/wp\/v2\/pages"}],"about":[{"href":"https:\/\/www.amu.org.pt\/index.php\/wp-json\/wp\/v2\/types\/page"}],"author":[{"embeddable":true,"href":"https:\/\/www.amu.org.pt\/index.php\/wp-json\/wp\/v2\/users\/1"}],"replies":[{"embeddable":true,"href":"https:\/\/www.amu.org.pt\/index.php\/wp-json\/wp\/v2\/comments?post=17460"}],"version-history":[{"count":32,"href":"https:\/\/www.amu.org.pt\/index.php\/wp-json\/wp\/v2\/pages\/17460\/revisions"}],"predecessor-version":[{"id":17509,"href":"https:\/\/www.amu.org.pt\/index.php\/wp-json\/wp\/v2\/pages\/17460\/revisions\/17509"}],"wp:attachment":[{"href":"https:\/\/www.amu.org.pt\/index.php\/wp-json\/wp\/v2\/media?parent=17460"}],"curies":[{"name":"wp","href":"https:\/\/api.w.org\/{rel}","templated":true}]}}

Projeto Gera(tradi)ções

[spb_row element_name=&#8221;Row&#8221; wrap_type=&#8221;content-width&#8221; parallax_image_height=&#8221;content-height&#8221; parallax_image_movement=&#8221;fixed&#8221; parallax_image_speed=&#8221;0.5&#8243; bg_video_loop=&#8221;yes&#8221; parallax_video_height=&#8221;window-height&#8221; parallax_video_overlay=&#8221;none&#8221; row_overlay_opacity=&#8221;0&#8243; row_col_pos=&#8221;default&#8221; width=&#8221;1/1&#8243; el_position=&#8221;first last&#8221;] [spb_image image=&#8221;17464&#8243; image_size=&#8221;medium&#8221; image_width=&#8221;200&#8243; frame=&#8221;noframe&#8221; caption_pos=&#8221;hover&#8221; remove_rounded=&#8221;yes&#8221; fullwidth=&#8221;no&#8221; overflow_mode=&#8221;none&#8221; link_target=&#8221;_self&#8221; lightbox=&#8221;no&#8221; intro_animation=&#8221;none&#8221; animation_delay=&#8221;200&#8243; width=&#8221;1/3&#8243; el_position=&#8221;first&#8221;][/spb_image] [spb_blank_spacer height=&#8221;30px&#8221; width=&#8221;2/3&#8243; el_position=&#8221;last&#8221;] [/spb_row] [spb_divider type=&#8221;standard&#8221; text=&#8221;Go to top&#8221; top_margin=&#8221;0px&#8221; bottom_margin=&#8221;30px&#8221; fullwidth=&#8221;no&#8221; width=&#8221;1/1&#8243; el_position=&#8221;first last&#8221;] [spb_column col_sm=&#8221;6&#8243; padding_horizontal=&#8221;0&#8243; width=&#8221;1/2&#8243; el_position=&#8221;first&#8221;] [spb_text_block animation=&#8221;none&#8221; animation_delay=&#8221;0&#8243; simplified_controls=&#8221;yes&#8221; custom_css_percentage=&#8221;no&#8221; padding_vertical=&#8221;0&#8243; padding_horizontal=&#8221;0&#8243; margin_vertical=&#8221;0&#8243; border_size=&#8221;0&#8243; border_styling_global=&#8221;default&#8221; width=&#8221;1/1&#8243; el_position=&#8221;first last&#8221;]
<p><span style="color: #000000;">Através da promoção de momentos intergeracionais, o projeto Gera(tradi)ções: Mobilizar para a Proximidade, propôs-se a dar um contributo para combater o isolamento social das pessoas idosas residentes em Abrigada, através da valorização da sua sabedoria, e para promover um maior conhecimento das tradições locais e uma ocupação mais saudável dos tempos livres por parte dos mais jovens. </span></p>
<p><span style="color: #000000;">O projeto piloto decorreu durante o ano letivo de 2022/2023, </span><span style="color: #000000;">em colaboração com o Agrupamento de Escolas de Abrigada, a Cáritas Paroquial de Abrigada, o Centro de Saúde de Alenquer, o Centro de Convívio de Abrigada, a Fundação Mariápolis e a União de Freguesias de Abrigada e Cabanas de Torres, tendo participado nas atividades intergeracionais 8 pessoas idosas e 30 jovens estudantes. </span></p>
[/spb_text_block] [/spb_column] [spb_column col_sm=&#8221;6&#8243; padding_horizontal=&#8221;0&#8243; width=&#8221;1/2&#8243; el_position=&#8221;last&#8221;] [spb_blank_spacer height=&#8221;30px&#8221; width=&#8221;2/3&#8243; el_position=&#8221;first last&#8221;] [spb_video link=&#8221;https://www.youtube.com/watch?v=zc_aAk8QFEY&amp;ab_channel=AMUPortugal&#8221; remove_related=&#8221;yes&#8221; autoplay=&#8221;no&#8221; full_width=&#8221;no&#8221; width=&#8221;1/1&#8243; el_position=&#8221;first last&#8221;] [spb_blank_spacer height=&#8221;30px&#8221; width=&#8221;2/3&#8243; el_position=&#8221;first last&#8221;] [/spb_column] [spb_column col_sm=&#8221;6&#8243; padding_horizontal=&#8221;0&#8243; width=&#8221;1/2&#8243; el_position=&#8221;first&#8221;] [spb_text_block animation=&#8221;none&#8221; animation_delay=&#8221;0&#8243; simplified_controls=&#8221;yes&#8221; custom_css_percentage=&#8221;no&#8221; padding_vertical=&#8221;0&#8243; padding_horizontal=&#8221;0&#8243; margin_vertical=&#8221;0&#8243; border_size=&#8221;0&#8243; border_styling_global=&#8221;default&#8221; width=&#8221;1/1&#8243; el_position=&#8221;first last&#8221;]
<p><span style="color: #000000;">Fruto destas trocas intergeracionais, construíram-se: </span></p>
<p><span style="color: #000000;">&#8211; o <strong>Dado Intergeracional</strong>. A inspiração surgiu do Dado do Amor de Chiara Lubich, fundadora do Movimento dos Focolares, que em vez de números nas suas faces inclui frases que representam ações importantes para um mundo mais fraterno. Este símbolo intergeracional encontra-se no Parque das Merendas Sãozinha em Abrigada (Alenquer), estando também disponível em formato <a href="https://www.amu.org.pt/wp-content/uploads/2023/07/Dado-em-papel-para-impressao.png">digital</a> para impressão; </span><br />
<span style="color: #000000;">&#8211; o <a href="https://www.amu.org.pt/wp-content/uploads/2023/07/Geratradicoes-Mobilizar-para-a-Proximidade-Experiencias-Aprendizagens-e-Recomendacoes_FINAL-compressed.pdf">ebook</a> “<em><strong>Partilhar para melhor cuidar</strong></em>”, onde são partilhadas experiências e aprendizagens dos vários participantes e recomendações para outras entidades que queiram promover projetos semelhantes na sua comunidade. </span></p>
[/spb_text_block] [/spb_column] [spb_column col_sm=&#8221;6&#8243; padding_horizontal=&#8221;0&#8243; width=&#8221;1/2&#8243; el_position=&#8221;last&#8221;] [spb_counter subject=&#8221;BENEFICIÁRIOS DIRETOS&#8221; from=&#8221;0&#8243; to=&#8221;38&#8243; speed=&#8221;2000&#8243; refresh=&#8221;25&#8243; commas=&#8221;true&#8221; textstyle=&#8221;h6&#8243; textcolor=&#8221;#f07722&#8243; width=&#8221;1/4&#8243; el_position=&#8221;first&#8221;] [spb_counter subject=&#8221;PARTICIPANTES TOTAIS&#8221; from=&#8221;0&#8243; to=&#8221;262&#8243; speed=&#8221;2000&#8243; refresh=&#8221;25&#8243; commas=&#8221;true&#8221; textstyle=&#8221;h6&#8243; textcolor=&#8221;#f07722&#8243; width=&#8221;1/4&#8243;] [spb_counter subject=&#8221;IDOSOS SENTEM-SE MAIS VALORIZADOS&#8221; from=&#8221;0&#8243; to=&#8221;100&#8243; speed=&#8221;2000&#8243; refresh=&#8221;25&#8243; suffix=&#8221;%&#8221; commas=&#8221;true&#8221; textstyle=&#8221;h6&#8243; textcolor=&#8221;#468ad8&#8243; width=&#8221;1/4&#8243;] [spb_counter subject=&#8221;JOVENS CONSIDERAM TER AUMENTADO O CONHECIMENTO DAS TRADIÇÕES&#8221; from=&#8221;0&#8243; to=&#8221;87&#8243; speed=&#8221;2000&#8243; refresh=&#8221;25&#8243; suffix=&#8221;%&#8221; commas=&#8221;true&#8221; textstyle=&#8221;h6&#8243; textcolor=&#8221;#acd037&#8243; width=&#8221;1/4&#8243; el_position=&#8221;last&#8221;] [/spb_column]
